se h - 3*q - 94 = -8*q, -r*h = -4*q - 301. List the prime factors of h.
3, 11
Suppose -139*s + 1089479 = -200024. List the prime factors of s.
9277
Let b(m) = -9069*m - 458. What are the prime factors of b(-8)?
2, 11, 29, 113
Suppose 0 = -7*y - 18 + 158. Suppose -y = -5*k, 5*t - 4*k = -2*k - 768. Let a = t - -344. List the prime factors of a.
2, 3
Let y(h) = h**3 + 28*h**2 + 5*h + 36. Let l be y(-23). Let g = l + -1829. What are the prime factors of g?
11, 67
Let v(x) = -x**3 + x**2 - 1. Let s(n) = 5*n**3 - 8*n**2 - 2*n + 14. Let f(m) = -s(m) - 4*v(m). Let b be f(3). List the prime factors of 69 + b/(-15)*-3.
2, 5, 7
Suppose -165*w - 12036 = -63*w. Let z be 779/(-3) - (-2)/(-6). Let k = w - z. List the prime factors of k.
2, 71
What are the prime factors of (8/(-6))/2 - 15169/(-33)?
3, 17
Let x(z) = -118*z - 5. Let o be x(3). Let q = 214 + o. Let c = 272 + q. List the prime factors of c.
127
Suppose -30*j = -t - 32*j + 3798, 0 = 5*t + j - 18936. What are the prime factors of t?
2, 3, 631
List the prime factors of 15867 + ((-3689)/(-403) - (-4)/(-26)).
2, 3, 7
Let t = -171 - -256. Suppose -4*u = -l - 659 + t, 568 = 4*u - 4*l. List the prime factors of u.
2, 3
Let a = 67 + -68. Let t(v) = 509*v + 5. Let s be t(a). Let j = -262 - s. List the prime factors of j.
2, 11
Let t be -189879 - 0 - (45 - 49). What are the prime factors of t/(-186) + (-1)/(-6)?
1021
Let f(d) = 3*d**2 - 273*d + 2014. What are the prime factors of f(108)?
2, 3761
Let w(v) = 6*v**2 - 2*v + 6. Let d(b) = -2*b + 12. Let f be 8*1/3*9/6. Let q be d(f). List the prime factors of w(q).
2, 47
Suppose -2*h + 11 = 5*p, -5*p - 2*h + 9 = h. List the prime factors of -332*(-2)/8 - (p - -1).
79
Let g(n) = -12*n**2 + 5*n - 14. Let z be g(6). Let u = 467 + z. List the prime factors of u.
3, 17
Suppose -6*j + 3567 + 19389 = 0. Suppose -22*y + 15182 = -j. List the prime factors of y.
2, 3
What are the prime factors of -2*67*(-347 + 129)?
2, 67, 109
Let p(i) = -14*i**2 - 4*i - 58. Let b(n) = -3*n**2 - 1. Let q(c) = 2*b(c) - p(c). What are the prime factors of q(12)?
2, 157
Let t(i) = i**2 - 14*i + 9. Let u be t(10). Suppose 35*b - 186 = 1319. Let o = u + b. List the prime factors of o.
2, 3
Let a = 158 + -101. Suppose 0 = -5*h + 7*h - 128. Let k = h + a. List the prime factors of k.
11
Suppose x + 4*h - 7 = 2*h, 4*h = 5*x + 21. Let f = x + 11. Suppose -f - 134 = -2*q. List the prime factors of q.
2, 3
Let d(l) = 2*l**3 + 17*l**2 - 14*l - 289. What are the prime factors of d(16)?
53, 227
What are the prime factors of (8698/(-7))/(28/140 + (-34)/70)?
4349
What are the prime factors of 348/9*(5 + (-13146)/(-24))?
11, 29, 67
Suppose 5*l + 0*x + 3*x = -150, 0 = -5*l - 2*x - 145. Let a(j) = -j**3 + 3*j**2 + j. Let o be a(-2). What are the prime factors of (-96)/9*l/o?
2
Let r = 100 + -68. Let k be (-3 - (-3)/4)/((-12)/r). Suppose 256 = k*n - 200. What are the prime factors of n?
2, 19
Suppose -2*i = -j + 6, -5*j + 9 = 5*i - 8*i. Suppose 0 = 4*c - j*c - 164. Suppose 4*m = 2*n - 272, 2*n = -5*m + 213 + c. What are the prime factors of n?
2, 3, 11
Suppose 0 = -5*y - 25, -r - 4*y = -0*y + 17. Suppose -935 = -a - 116*w + 115*w, 3*a - r*w = 2811. List the prime factors of a.
2, 3, 13
Let w(k) = 198*k + 616. List the prime factors of w(29).
2, 11, 17
Let y = 153 + -148. Suppose 0 = 2*d - 3*s - 897, -4*d + y*d + 4*s - 421 = 0. What are the prime factors of d?
3, 7
What are the prime factors of 8/(240/199430)*(5 + -2)?
7, 11, 37
Let v = -920 - -2082. Let g = v - 608. What are the prime factors of g?
2, 277
Let m(b) = 106*b**2 + 26*b - 117. List the prime factors of m(8).
5, 11
Let k(m) = 8*m + 10. Let q be k(1). Suppose 616 = -q*l + 25*l. What are the prime factors of l?
2, 11
Let o(l) = 400*l**3 - 19*l**2 - l + 23. What are the prime factors of o(3)?
23, 463
Let g(x) = 438*x**3 - x**2 - 4*x + 4. What are the prime factors of g(1)?
19, 23
Let n = -5250 + 9280. What are the prime factors of n?
2, 5, 13, 31
Suppose 108*g - 36214 = 961490. What are the prime factors of g?
2, 31, 149
Let c(n) = 3*n - 60. Let p be c(11). Let k = p + -54. Let q = k - -104. List the prime factors of q.
23
Let h be (-6)/(30/(-5))*2. List the prime factors of (20/10 - (-55)/2)*h.
59
Let h(i) = 92*i**2 - 79*i + 86. What are the prime factors of h(-13)?
16661
Suppose 13*k + 7 - 59 = 0. Suppose 3827 = k*f + 1211. List the prime factors of f.
2, 3, 109
Suppose 2*n - 5*b = 3*n + 8, 3*n + b = 4. Let v be 137 - 1/n*4. Suppose 144 = 2*y + 4*c, 0 = 2*y - 3*c + 4*c - v. List the prime factors of y.
2, 3, 11
Suppose -5*x + 3478 = 2*u - 337, 3*x + 2*u = 2293. Let i = 1388 - x. List the prime factors of i.
3, 11, 19
Suppose -i + 24 = 19, 969 = l + i. What are the prime factors of l?
2, 241
Let l = 17 + -10. Suppose -l*n - 2*n = -1017. Suppose 2*v - 74 = -2*c, -4*c = 6*v - 3*v - n. List the prime factors of v.
5, 7
Let p(w) be the third derivative of -31*w**4/24 - 3*w**3 + 40*w**2. Let v be p(-12). Suppose -139*s = -136*s - v. What are the prime factors of s?
2, 59
Suppose 87*b - 85*b = -8. Let q(l) = 2*l**2 + 9*l + 9. Let x be q(b). What are the prime factors of (2/(-3))/(x/(4 + -874))?
2, 29
Let w be ((-3)/7 + 8/(-14))*48. Let k = 79 + w. Suppose -k = -b - 3. What are the prime factors of b?
2, 7
Let h(g) = -21*g + 67. Let i(f) = 165*f - 537. Let y(s) = -33*h(s) - 4*i(s). List the prime factors of y(12).
3, 37
Let b = 95 + -87. Suppose -4*i - b + 12 = 0, 0 = -w - 5*i + 298. What are the prime factors of w?
293
Let w(n) = -2*n - 8. Let a be w(-4). Suppose 8*i - 4*i + 188 = a. Let b = i + 67. List the prime factors of b.
2, 5
Let j be ((-8)/10)/((-14)/(-1330)). Suppose -3*k + 7*k = -188. Let w = k - j. List the prime factors of w.
29
Suppose -17*f = -42*f + 18300. Let c = -460 + f. List the prime factors of c.
2, 17
List the prime factors of (-5)/3*-363*24/(-40)*-235.
3, 5, 11, 47
Suppose 0 = 14*r + 18305 - 54145. Suppose -24*u = -14*u - r. What are the prime factors of u?
2
Suppose -5*r = -38*w + 43*w - 113005, -2*w - 4*r = -45198. What are the prime factors of w?
7, 3229
Let c be -1*(6 - 6)*(-2)/8. Suppose -835 = -5*l - c*b + b, 3*l = -5*b + 501. List the prime factors of l.
167
Suppose 163 = f - 327. Suppose -5*u = -2027 - 1468. Let m = u - f. List the prime factors of m.
11, 19
Let b(s) = -s**2 - 24*s - 54. Let f be b(-22). List the prime factors of (-63132)/(-60) + (-8)/f + 0.
3, 13
Suppose -80*z + 284980 + 858199 = -1193781. What are the prime factors of z?
2, 67, 109
Let m(p) = 238*p - 6732. What are the prime factors of m(85)?
2, 17, 397
Let k = 5597 - 2503. Suppose -k = -15*f + 86. List the prime factors of f.
2, 53
Let m(l) = -12*l**2 + 1105*l + 177. What are the prime factors of m(55)?
2, 6163
Let r(n) be the first derivative of n**3/3 + 3*n**2/2 + 13*n - 5. Let w be r(0). Suppose -16*l + 459 = -w*l. What are the prime factors of l?
3, 17
Suppose -23*n = 19*n + 17*n - 388043. List the prime factors of n.
6577
Let n(b) = 3418*b**2 + 10*b + 4. List the prime factors of n(-1).
2, 853
Let o(a) = 698*a**2 + 19*a + 52. What are the prime factors of o(-8)?
2, 11, 1013
Suppose -2*c + 0 = -w + 1, -w = c + 8. Let q(s) be the third derivative of -13*s**4/12 + 2*s**3 - 436*s**2. What are the prime factors of q(c)?
2, 3, 5
Let p be (-9)/45 + 63/15. Suppose u - p*l + 0*l = 1312, 2*u + l - 2669 = 0. List the prime factors of u.
2, 3, 37
Suppose -24 = -x - 5*j, 3*x - 2*x - 6 = j. Suppose -2*m - 469 + 2459 = 0. Suppose x*u - 4*u - m = 0. List the prime factors of u.
199
Suppose -4*y - 3*p = -8, 3*p - 6*p + 4 = 2*y. Suppose y*r = -2*t + 32, -5*t = -2*t + 4*r - 47. List the prime factors of t.
17
Let f = 1595 + 10332. What are the prime factors of f?
11927
Let j(n) = -13*n**2 - 48*n + 1. Let h(x) = -4. Let b(k) = -6*h(k) - j(k). List the prime factors of b(-9).
2, 7, 23
List the prime factors of ((-31)/(-62))/((-2)/(-314668)).
97, 811
Let w(b) = 3*b**2 + b - 23. Suppose -32 = -4*h - 96. List the prime factors of w(h).
3
Suppose -2*n + 3*b = -986, 7*n + 2*b + 494 = 8*n. Suppose 3*k = 2*z + 3710, 3*k + n = -3*z + 4180. What are the prime factors of k?
2, 617
Suppose 9*x + 33530 = v + 152109, 0 = x - 5*v - 13195. List the prime factors of x.
5, 17, 31
Let b(o) = 28*o**3 - 12*o**2 + 98*o + 15. List the prime factors of b(7).
3, 41, 79
Let r = -143 - -145